ne q(52).
346
Let w(c) = -20347*c - 1566701. Give w(-77).
18
Let j(i) = 1477*i - 283282. Determine j(192).
302
Let f(j) = -3*j**2 + 36*j + 2724. Calculate f(36).
132
Let p(c) = -3*c**2 + 5213*c - 56981. Determine p(11).
-1
Let z(j) = j**2 + 267*j - 42505. Determine z(112).
-57
Let m(j) = -14957*j + 2677302. Give m(179).
-1
Let u(c) = 19233*c + 288300. Calculate u(-15).
-195
Let z(d) = 328*d**3 + 727*d**2 + 719*d - 7. What is z(-1)?
-327
Let x(z) = z**3 + 2*z**2 + 62224*z - 26. Give x(0).
-26
Let m(d) = 242025*d + 968183. Calculate m(-4).
83
Let j(h) = -h**2 + 16691*h - 216786. Give j(13).
28
Let h(m) = -2*m**2 + 9637*m - 6557545. Determine h(820).
-5
Let j(n) = 340073*n + 219. Calculate j(0).
219
Let t(s) = s**2 + 990*s + 244532. Give t(-473).
-9
Let n(s) = 4303*s - 8528. What is n(2)?
78
Let w(l) = 9*l**3 + 818*l**2 - 36787*l - 266. What is w(33)?
-2
Let s(q) = -4*q**2 + 881*q - 15820. Calculate s(18).
-1258
Let u(t) = 317*t - 513. Give u(4).
755
Let x(s) = -5429*s + 211467. Calculate x(39).
-264
Let a(k) = -670*k**2 - 22*k - 8. Give a(2).
-2732
Let g(v) = 2*v**3 + 32*v**2 + 2*v - 279. Determine g(-14).
477
Let b(q) = -q**3 + 26*q**2 + 793*q - 20672. Give b(27).
10
Let h(y) = -126*y**2 - 3973*y - 2081. Determine h(-31).
-4
Let d(o) = 121010*o + 1815146. Calculate d(-15).
-4
Let w(c) = 3380*c - 16910. Calculate w(5).
-10
Let y(r) = 2356822*r + 63634191. What is y(-27)?
-3
Let g(f) = -121934*f - 31824772. Give g(-261).
2
Let v(x) = -2*x**2 + x - 5. Calculate v(8).
-125
Let b(k) = -18*k - 3040. What is b(-6)?
-2932
Let m(u) = -4*u + 940. Determine m(256).
-84
Let z(d) = 1764527*d + 5293589. Give z(-3).
8
Let l(t) = 75175*t - 150408. Determine l(2).
-58
Let c(l) = -8000*l - 63995. Determine c(-8).
5
Let f(b) = -80*b**2 + 430*b - 177. Give f(5).
-27
Let k(u) = -13*u**2 + 2304*u - 20930. What is k(9)?
-1247
Let v(t) = -t**2 - 255*t + 4597. Give v(18).
-317
Let f(h) = -340*h - 4548. What is f(-18)?
1572
Let u(o) = -17*o**3 + 34*o**2 + 211*o + 25. What is u(-3)?
157
Let b(k) = 104*k**2 - 790*k + 442. What is b(7)?
8
Let j(d) = 10740*d + 2394975. What is j(-223)?
-45
Let o(t) = -77*t**2 + 127*t - 201. Give o(1).
-151
Let h(x) = 2*x**3 - 9246*x**2 - 9233*x + 12. Calculate h(-1).
-3
Let g(c) = -2*c**3 - 86*c**2 - 867*c + 416. Give g(-12).
1892
Let b(i) = -1113*i + 10370. Calculate b(9).
353
Let r(w) = -w**3 - 10*w**2 - 1063*w - 4140. Determine r(-4).
16
Let w(y) = 474*y - 457. Give w(5).
1913
Let u(w) = -w**2 - 1766*w + 10616. Give u(6).
-16
Let i(f) = -f**3 + 30*f**2 - 129*f + 1265. What is i(27)?
-31
Let v(g) = 219*g + 76635. What is v(-350)?
-15
Let g(h) = 164*h**2 - 1848*h + 484. Give g(11).
0
Let p(a) = 2*a**2 - 42*a - 4788. Calculate p(61).
92
Let r(u) = -2745*u + 15216. What is r(6)?
-1254
Let i(c) = 4*c**3 - 3286*c**2 + 1640*c + 1634. Determine i(821).
-8
Let a(m) = 2*m**2 + 721*m - 520917. Calculate a(361).
6
Let v(a) = a**3 - 12*a**2 - 1955*a + 23423. Calculate v(12).
-37
Let k(b) = 9916*b - 39665. Determine k(4).
-1
Let d(s) = s**3 - s**2 - 63*s + 9. Calculate d(8).
-47
Let l(n) = 2*n**3 + 63*n**2 + 89*n - 71. What is l(-29)?
1553
Let f(n) = -n**3 - 14*n**2 - 594*n - 6834. Calculate f(-12).
6
Let s(l) = -2*l**3 + 97*l**2 + 586*l + 230. What is s(54)?
-202
Let p(d) = -467269*d + 3270878. Determine p(7).
-5
Let w(f) = 52*f**2 - 240*f - 995. What is w(-3)?
193
Let o(c) = 7*c**2 - 5235*c + 41415. Give o(8).
-17
Let k(x) = -1154*x - 150024. What is k(-130)?
-4
Let u(y) = -y**3 - 51*y**2 + 275*y - 271. Calculate u(-56).
9
Let h(z) = 348*z**2 - 1311*z + 1. What is h(-2)?
4015
Let a(w) = 888*w - 579758. Give a(653).
106
Let z(i) = 45*i**2 - 7153*i - 309. Determine z(159).
9
Let v(x) = x**2 + 37359*x - 448402. What is v(12)?
50
Let y(m) = -m**3 + 80*m**2 + 3438*m + 353. What is y(111)?
20
Let r(a) = 74*a + 4170. Give r(-55).
100
Let k(v) = -45*v + 4512. Determine k(92).
372
Let i(o) = -25*o**2 + 1045*o + 14. What is i(42)?
-196
Let i(w) = -w**3 - 78*w**2 + 6759*w + 73. Calculate i(52).
21
Let c(z) = -601*z + 61308. What is c(101)?
607
Let k(w) = -2*w**2 - 1681*w - 320818. Give k(-293).
17
Let r(i) = -i**3 - 21*i**2 - 155*i - 567. Determine r(-8).
-159
Let g(k) = k**2 + 473*k + 54253. What is g(-233)?
-1667
Let p(g) = g**2 + 84478*g - 253448. Give p(3).
-5
Let h(b) = -13526*b - 730440. Give h(-54).
-36
Let l(n) = 1223*n - 55083. Calculate l(45).
-48
Let l(t) = -2*t**2 + 149*t + 146. What is l(68)?
1030
Let n(z) = -z**2 - 41*z + 10798. What is n(86)?
-124
Let a(l) = -2656*l + 281581. Calculate a(106).
45
Let j(f) = 118*f - 4599. What is j(34)?
-587
Let v(i) = -i**3 + 6*i**2 + 350*i + 1809. Give v(-7).
-4
Let v(f) = 139*f**2 - 2355*f - 9. Calculate v(17).
127
Let f(q) = -825*q - 11483. Determine f(-12).
-1583
Let g(x) = 285*x**2 - 1868*x + 3015. Give g(4).
103
Let t(w) = 35*w**2 + 384*w + 571. Determine t(-13).
1494
Let l(r) = r**2 + 518299*r + 4146359. Give l(-8).
31
Let z(w) = 13*w**2 + 3234*w - 24048. What is z(-256)?
16
Let t(b) = -382*b**2 - 32*b + 7. Determine t(0).
7
Let i(c) = -7*c**2 + 217*c + 1667. Give i(-7).
-195
Let g(w) = -w**3 + 375*w**2 + 16150*w + 169. Calculate g(-39).
13
Let n(f) = -333*f + 27336. Determine n(82).
30
Let g(b) = 452*b - 25312. Give g(56).
0
Let a(z) = -3*z**3 - 44*z**2 - 137*z + 75. Determine a(-10).
45
Let n(k) = -131*k - 1161. Give n(-9).
18
Let a(o) = 2*o**3 + 381*o**2 + 1302*o - 1245. What is a(-187)?
64
Let o(m) = -1259*m**2 + 430*m + 1. Calculate o(1).
-828
Let g(l) = 18*l**2 - 90*l - 281. Give g(7).
-29
Let j(o) = -103*o + 303. What is j(3)?
-6
Let i(w) = -w**3 + 8*w**2 + 31*w - 78. Calculate i(11).
-100
Let i(p) = 2*p**2 - 238*p - 147975. Calculate i(-219).
69
Let a(z) = -z**3 + 19*z**2 + 92*z - 1472. Give a(11).
508
Let a(i) = -32*i**2 + 96*i + 142. Give a(-2).
-178
Let n(t) = -16404*t + 655474. Determine n(40).
-686
Let v(x) = 6*x**2 + 1229*x + 52636. What is v(-61)?
-7
Let u(o) = -43*o + 577. Determine u(13).
18
Let v(w) = -2187*w**3 + 113724*w**2 + w - 59. Determine v(52).
-7
Let v(j) = -519*j + 11444. What is v(22)?
26
Let q(g) = 593*g + 8443. Determine q(-14).
141
Let v(q) = -3225*q + 312819. Calculate v(97).
-6
Let v(y) = -111*y - 18861. Give v(-169).
-102
Let x(w) = -110*w**3 + 878*w**2 + 6*w + 41. What is x(8)?
-39
Let v(u) = -u**3 + 76*u**2 + 65*u + 925. What is v(77)?
1
Let f(w) = 3*w**2 + 1210*w + 93589. Determine f(-299).
2
Let f(i) = -334*i + 22956. Give f(62).
2248
Let d(f) = 3549*f + 49870. Determine d(-14).
184
Let c(u) = 1054*u + 7259. Calculate c(-7).
-119
Let g(p) = p**2 - 330*p - 2386. Determine g(-7).
-27
Let v(h) = 38134*h + 228627. Calculate v(-6).
-177
Let d(x) = -x**2 - 8794*x - 43942. Give d(-5).
3
Let h(f) = 1787*f + 1129369. Give h(-632).
-15
Let v(f) = -17*f**2 - 319*f + 283. Give v(-20).
-137
Let h(t) = 815*t - 4900. Give h(6).
-10
Let u(w) = -254*w - 9990. Give u(-28).
-2878
Let y(h) = -1157*h + 337860. Calculate y(292).
16
Let m(d) = -d**3 - 266*d**2 + 150*d + 39971. Give m(-266).
71
Let a(r) = 257*r + 59795. What is a(-245)?
-3170
Let b(y) = y**2 - 352*y - 2110. What is b(358)?
38
Let o(h) = -22*h**2 + 1315*h + 5617. Determine o(-4).
5
Let a(c) = -972*c - 384951. What is a(-396)?
-39
Let c(u) = -747*u**2 + 154*u + 124. Calculate c(-1).
-777
Let i(p) = -5*p**2 - 1465*p - 15501. Calculate i(-282).
9
Let c(d) = 852*d - 43328. What is c(51)?
124
Let f(h) = -627*h - 36010. What is f(-57)?
-271
Let v(p) = 3*p**2 + 4137*p - 16539. What is v(4)?
57
Let y(o) = 266*o**2 + 1797*o - 447. Calculate y(-7).
8
Let b(x) = -128087*x + 4098777. Determine b(32).
-7
Let t(n) = n**3 + 496*n**2 - 7144*n + 21. What is t(14)?
-35
Let s(q) = 22*q**2 - 3958*q + 3549. Calculate s(179).
-31
Let v(l) = l**3 + 17*l**2 + 25*l - 33. Calculate v(-15).
42
Let n(q) = 913*q**2 - 13700*q - 14. Calculate n(15).
-89
Let m(w) = -21154*w + 317303. Give m(15).
-7
Let w(m) = -239*m + 18740. What is w(80)?
-380
Let o(q) = -160*q - 23225. Give o(-168).
3655
Let k(d) = -d**2 - 3971*d - 63245. Give k(-16).
35
Let z(m) = -28*m**2 - 704*m + 274. Determine z(-25).
374
Let y(o) = o**3 + 84*o**2 + 266*o + 22292. Give y(-84).
-52
Let i(j) = 14299*j + 872273. Determine i(-61).
34
Let w(y) = -2218*y - 2413268. Give w(-1088).
-84
Let d(o) = o**3 + 218*o**2 - 13375*o + 6700. Give d(-268).
0
Let n(p) = -p**2 - 647*p + 18213. What i